{"id":213,"date":"2013-03-22T16:12:58","date_gmt":"2013-03-22T16:12:58","guid":{"rendered":"http:\/\/saopedrodoivai.pr.gov.br\/wp\/?page_id=213"},"modified":"2025-07-18T14:11:47","modified_gmt":"2025-07-18T17:11:47","slug":"secretaria-de-educacao","status":"publish","type":"page","link":"https:\/\/novoitacolomi.pr.gov.br\/portal\/?page_id=213","title":{"rendered":"Secretaria Municipal de Educa\u00e7\u00e3o"},"content":{"rendered":"\n<p>Secret\u00e1ria: Edim\u00e1ria Nabarrete Franco<\/p>\n\n\n\n<p><\/p>\n\n\n\n<p><strong>Plano Municipal de Educa\u00e7\u00e3o \u2013 PME<\/strong> <strong>&#8211; 2015 a 2025<\/strong><\/p>\n\n\n\n<figure class=\"wp-block-gallery has-nested-images columns-default is-cropped wp-block-gallery-1 is-layout-flex wp-block-gallery-is-layout-flex\"><\/figure>\n\n\n\n<div data-wp-interactive=\"core\/file\" class=\"wp-block-file\"><object data-wp-bind--hidden=\"!state.hasPdfPreview\" hidden class=\"wp-block-file__embed\" data=\"https:\/\/novoitacolomi.pr.gov.br\/portal\/wp-content\/uploads\/2024\/11\/Plano-Municipal-de-Educacao-2015-a-2025-3.pdf\" type=\"application\/pdf\" style=\"width:100%;height:600px\" aria-label=\"Incorporado de Plano Municipal de Educa\u00e7\u00e3o 2015 a 2025.\"><\/object><a id=\"wp-block-file--media-247cd79c-e9fb-4c42-a513-08ca110c4410\" href=\"https:\/\/novoitacolomi.pr.gov.br\/portal\/wp-content\/uploads\/2024\/11\/Plano-Municipal-de-Educacao-2015-a-2025-3.pdf\">Plano Municipal de Educa\u00e7\u00e3o 2015 a 2025<\/a><a href=\"https:\/\/novoitacolomi.pr.gov.br\/portal\/wp-content\/uploads\/2024\/11\/Plano-Municipal-de-Educacao-2015-a-2025-3.pdf\" class=\"wp-block-file__button wp-element-button\" download aria-describedby=\"wp-block-file--media-247cd79c-e9fb-4c42-a513-08ca110c4410\">Baixar<\/a><\/div>\n\n\n\n<p><\/p>\n\n\n\n<p><strong>Relat\u00f3rio de Monitoramento do Plano Municipal de Educa\u00e7\u00e3o \u2013 PME<\/strong><\/p>\n\n\n\n<div data-wp-interactive=\"core\/file\" class=\"wp-block-file\"><object data-wp-bind--hidden=\"!state.hasPdfPreview\" hidden class=\"wp-block-file__embed\" data=\"https:\/\/novoitacolomi.pr.gov.br\/portal\/wp-content\/uploads\/2024\/11\/Relatorio-de-Monitoramento-e-Avaliacao-PME-2022-1.pdf\" type=\"application\/pdf\" style=\"width:100%;height:600px\" aria-label=\"Incorporado de Relat\u00f3rio de Monitoramento e Avalia\u00e7\u00e3o PME 2022.\"><\/object><a id=\"wp-block-file--media-fdbf541f-5b13-456f-a42b-7503f56032d0\" href=\"https:\/\/novoitacolomi.pr.gov.br\/portal\/wp-content\/uploads\/2024\/11\/Relatorio-de-Monitoramento-e-Avaliacao-PME-2022-1.pdf\">Relat\u00f3rio de Monitoramento e Avalia\u00e7\u00e3o PME 2022<\/a><a href=\"https:\/\/novoitacolomi.pr.gov.br\/portal\/wp-content\/uploads\/2024\/11\/Relatorio-de-Monitoramento-e-Avaliacao-PME-2022-1.pdf\" class=\"wp-block-file__button wp-element-button\" download aria-describedby=\"wp-block-file--media-fdbf541f-5b13-456f-a42b-7503f56032d0\">Baixar<\/a><\/div>\n<!-- AddThis Advanced Settings generic via filter on the_content --><!-- AddThis Share Buttons generic via filter on the_content -->","protected":false},"excerpt":{"rendered":"<p>Secret\u00e1ria: Edim\u00e1ria Nabarrete Franco Plano Municipal de Educa\u00e7\u00e3o \u2013 PME &#8211; 2015 a 2025 Relat\u00f3rio de Monitoramento do Plano Municipal de Educa\u00e7\u00e3o \u2013 PME<!-- AddThis Advanced Settings generic via filter on get_the_excerpt --><!-- AddThis Share Buttons generic via filter on get_the_excerpt --><\/p>\n","protected":false},"author":5,"featured_media":0,"parent":127,"menu_order":0,"comment_status":"open","ping_status":"open","template":"","meta":{"footnotes":""},"class_list":["post-213","page","type-page","status-publish","hentry"],"_links":{"self":[{"href":"https:\/\/novoitacolomi.pr.gov.br\/portal\/index.php?rest_route=\/wp\/v2\/pages\/213","targetHints":{"allow":["GET"]}}],"collection":[{"href":"https:\/\/novoitacolomi.pr.gov.br\/portal\/index.php?rest_route=\/wp\/v2\/pages"}],"about":[{"href":"https:\/\/novoitacolomi.pr.gov.br\/portal\/index.php?rest_route=\/wp\/v2\/types\/page"}],"author":[{"embeddable":true,"href":"https:\/\/novoitacolomi.pr.gov.br\/portal\/index.php?rest_route=\/wp\/v2\/users\/5"}],"replies":[{"embeddable":true,"href":"https:\/\/novoitacolomi.pr.gov.br\/portal\/index.php?rest_route=%2Fwp%2Fv2%2Fcomments&post=213"}],"version-history":[{"count":11,"href":"https:\/\/novoitacolomi.pr.gov.br\/portal\/index.php?rest_route=\/wp\/v2\/pages\/213\/revisions"}],"predecessor-version":[{"id":7664,"href":"https:\/\/novoitacolomi.pr.gov.br\/portal\/index.php?rest_route=\/wp\/v2\/pages\/213\/revisions\/7664"}],"up":[{"embeddable":true,"href":"https:\/\/novoitacolomi.pr.gov.br\/portal\/index.php?rest_route=\/wp\/v2\/pages\/127"}],"wp:attachment":[{"href":"https:\/\/novoitacolomi.pr.gov.br\/portal\/index.php?rest_route=%2Fwp%2Fv2%2Fmedia&parent=213"}],"curies":[{"name":"wp","href":"https:\/\/api.w.org\/{rel}","templated":true}]}}

Secretaria Municipal de Educação

<p>Secretária: Edimária Nabarrete Franco</p>



<p></p>



<p><strong>Plano Municipal de Educação – PME</strong> <strong>&#8211; 2015 a 2025</strong></p>



<figure class="wp-block-gallery has-nested-images columns-default is-cropped wp-block-gallery-1 is-layout-flex wp-block-gallery-is-layout-flex"></figure>



<div data-wp-interactive="core/file" class="wp-block-file"><object data-wp-bind--hidden="!state.hasPdfPreview" hidden class="wp-block-file__embed" data="https://novoitacolomi.pr.gov.br/portal/wp-content/uploads/2024/11/Plano-Municipal-de-Educacao-2015-a-2025-3.pdf" type="application/pdf" style="width:100%;height:600px" aria-label="Incorporado de Plano Municipal de Educação 2015 a 2025."></object><a id="wp-block-file--media-247cd79c-e9fb-4c42-a513-08ca110c4410" href="https://novoitacolomi.pr.gov.br/portal/wp-content/uploads/2024/11/Plano-Municipal-de-Educacao-2015-a-2025-3.pdf">Plano Municipal de Educação 2015 a 2025</a><a href="https://novoitacolomi.pr.gov.br/portal/wp-content/uploads/2024/11/Plano-Municipal-de-Educacao-2015-a-2025-3.pdf" class="wp-block-file__button wp-element-button" download aria-describedby="wp-block-file--media-247cd79c-e9fb-4c42-a513-08ca110c4410">Baixar</a></div>



<p></p>



<p><strong>Relatório de Monitoramento do Plano Municipal de Educação – PME</strong></p>



<div data-wp-interactive="core/file" class="wp-block-file"><object data-wp-bind--hidden="!state.hasPdfPreview" hidden class="wp-block-file__embed" data="https://novoitacolomi.pr.gov.br/portal/wp-content/uploads/2024/11/Relatorio-de-Monitoramento-e-Avaliacao-PME-2022-1.pdf" type="application/pdf" style="width:100%;height:600px" aria-label="Incorporado de Relatório de Monitoramento e Avaliação PME 2022."></object><a id="wp-block-file--media-fdbf541f-5b13-456f-a42b-7503f56032d0" href="https://novoitacolomi.pr.gov.br/portal/wp-content/uploads/2024/11/Relatorio-de-Monitoramento-e-Avaliacao-PME-2022-1.pdf">Relatório de Monitoramento e Avaliação PME 2022</a><a href="https://novoitacolomi.pr.gov.br/portal/wp-content/uploads/2024/11/Relatorio-de-Monitoramento-e-Avaliacao-PME-2022-1.pdf" class="wp-block-file__button wp-element-button" download aria-describedby="wp-block-file--media-fdbf541f-5b13-456f-a42b-7503f56032d0">Baixar</a></div>
<!-- AddThis Advanced Settings generic via filter on the_content --><!-- AddThis Share Buttons generic via filter on the_content -->

<p>Secretária: Edimária Nabarrete Franco Plano Municipal de Educação – PME &#8211; 2015 a 2025 Relatório de Monitoramento do Plano Municipal de Educação – PME<!-- AddThis Advanced Settings generic via filter on get_the_excerpt --><!-- AddThis Share Buttons generic via filter on get_the_excerpt --></p>
