{"id":175,"date":"2013-03-22T15:56:53","date_gmt":"2013-03-22T15:56:53","guid":{"rendered":"http:\/\/saopedrodoivai.pr.gov.br\/wp\/?page_id=175"},"modified":"2025-08-27T11:18:32","modified_gmt":"2025-08-27T14:18:32","slug":"secretaria-administrativa","status":"publish","type":"page","link":"https:\/\/novoitacolomi.pr.gov.br\/portal\/?page_id=175","title":{"rendered":"Sec. Administra\u00e7\u00e3o Planejamento Finan\u00e7as"},"content":{"rendered":"\n<p>Secret\u00e1rio Municipal do Planejamento e Finan\u00e7as<\/p>\n\n\n\n<p class=\"has-medium-font-size\">F\u00e1bio Aur\u00e9lio Secco Magon (43) 996086642<\/p>\n\n\n<p><strong>Alexander Yuri Scheffer<\/strong><br \/>\nProcurador Jur\u00eddico<\/p>\n<p>&nbsp;<\/p>\n<p><strong>Val\u00e9ria Correia<\/strong><br \/>\nRecursos Humanos<\/p>\n<p>&nbsp;<\/p><!-- AddThis Advanced Settings generic via filter on the_content --><!-- AddThis Share Buttons generic via filter on the_content -->","protected":false},"excerpt":{"rendered":"<p>Secret\u00e1rio Municipal do Planejamento e Finan\u00e7as F\u00e1bio Aur\u00e9lio Secco Magon (43) 996086642 Alexander Yuri Scheffer Procurador Jur\u00eddico &nbsp; Val\u00e9ria Correia Recursos Humanos &nbsp;<!-- AddThis Advanced Settings generic via filter on get_the_excerpt --><!-- AddThis Share Buttons generic via filter on get_the_excerpt --><\/p>\n","protected":false},"author":5,"featured_media":0,"parent":127,"menu_order":0,"comment_status":"open","ping_status":"open","template":"","meta":{"footnotes":""},"class_list":["post-175","page","type-page","status-publish","hentry"],"_links":{"self":[{"href":"https:\/\/novoitacolomi.pr.gov.br\/portal\/index.php?rest_route=\/wp\/v2\/pages\/175","targetHints":{"allow":["GET"]}}],"collection":[{"href":"https:\/\/novoitacolomi.pr.gov.br\/portal\/index.php?rest_route=\/wp\/v2\/pages"}],"about":[{"href":"https:\/\/novoitacolomi.pr.gov.br\/portal\/index.php?rest_route=\/wp\/v2\/types\/page"}],"author":[{"embeddable":true,"href":"https:\/\/novoitacolomi.pr.gov.br\/portal\/index.php?rest_route=\/wp\/v2\/users\/5"}],"replies":[{"embeddable":true,"href":"https:\/\/novoitacolomi.pr.gov.br\/portal\/index.php?rest_route=%2Fwp%2Fv2%2Fcomments&post=175"}],"version-history":[{"count":14,"href":"https:\/\/novoitacolomi.pr.gov.br\/portal\/index.php?rest_route=\/wp\/v2\/pages\/175\/revisions"}],"predecessor-version":[{"id":7698,"href":"https:\/\/novoitacolomi.pr.gov.br\/portal\/index.php?rest_route=\/wp\/v2\/pages\/175\/revisions\/7698"}],"up":[{"embeddable":true,"href":"https:\/\/novoitacolomi.pr.gov.br\/portal\/index.php?rest_route=\/wp\/v2\/pages\/127"}],"wp:attachment":[{"href":"https:\/\/novoitacolomi.pr.gov.br\/portal\/index.php?rest_route=%2Fwp%2Fv2%2Fmedia&parent=175"}],"curies":[{"name":"wp","href":"https:\/\/api.w.org\/{rel}","templated":true}]}}

Sec. Administração Planejamento Finanças

<p>Secretário Municipal do Planejamento e Finanças</p>



<p class="has-medium-font-size">Fábio Aurélio Secco Magon (43) 996086642</p>


<p><strong>Alexander Yuri Scheffer</strong><br />
Procurador Jurídico</p>
<p>&nbsp;</p>
<p><strong>Valéria Correia</strong><br />
Recursos Humanos</p>
<p>&nbsp;</p><!-- AddThis Advanced Settings generic via filter on the_content --><!-- AddThis Share Buttons generic via filter on the_content -->

<p>Secretário Municipal do Planejamento e Finanças Fábio Aurélio Secco Magon (43) 996086642 Alexander Yuri Scheffer Procurador Jurídico &nbsp; Valéria Correia Recursos Humanos &nbsp;<!-- AddThis Advanced Settings generic via filter on get_the_excerpt --><!-- AddThis Share Buttons generic via filter on get_the_excerpt --></p>
